49940194?
4
What is the hundred thousands digit of 250767102?
7
What is the units digit of 364752266?
6
What is the millions digit of 15860421?
5
What is the thousands digit of 225000405?
0
What is the hundreds digit of 239065576?
5
What is the millions digit of 7314897?
7
What is the ten millions digit of 475596052?
7
What is the hundred thousands digit of 86115106?
1
What is the hundreds digit of 19162144?
1
What is the thousands digit of 85545414?
5
What is the ten thousands digit of 43915381?
1
What is the ten millions digit of 69076888?
6
What is the hundred millions digit of 1632751403?
6
What is the units digit of 1252859707?
7
What is the tens digit of 534714997?
9
What is the ten thousands digit of 1481184552?
8
What is the millions digit of 28994502?
8
What is the millions digit of 90489491?
0
What is the billions digit of 1253436526?
1
What is the hundreds digit of 2676006?
0
What is the hundred thousands digit of 30883394?
8
What is the hundred millions digit of 1114655979?
1
What is the ten thousands digit of 90208164?
0
What is the units digit of 533190114?
4
What is the hundred thousands digit of 67063646?
0
What is the units digit of 1421402616?
6
What is the millions digit of 84783513?
4
What is the millions digit of 894830930?
4
What is the thousands digit of 510429857?
9
What is the thousands digit of 63954154?
4
What is the thousands digit of 176027503?
7
What is the millions digit of 87872667?
7
What is the thousands digit of 136408371?
8
What is the ten millions digit of 98339898?
9
What is the ten thousands digit of 1267851970?
5
What is the hundred millions digit of 1068943417?
0
What is the hundreds digit of 3196978147?
1
What is the hundreds digit of 581610767?
7
What is the tens digit of 86260249?
4
What is the hundreds digit of 1171086400?
4
What is the ten millions digit of 94736830?
9
What is the ten millions digit of 124894644?
2
What is the millions digit of 6541779?
6
What is the units digit of 56383960?
0
What is the thousands digit of 239048793?
8
What is the hundreds digit of 234874125?
1
What is the billions digit of 1582456494?
1
What is the hundred thousands digit of 39447265?
4
What is the millions digit of 438203472?
8
What is the thousands digit of 450557509?
7
What is the units digit of 111699532?
2
What is the hundred millions digit of 2619656186?
6
What is the ten millions digit of 65667152?
6
What is the tens digit of 450861204?
0
What is the millions digit of 366769439?
6
What is the ten millions digit of 9449237072?
4
What is the ten millions digit of 407574197?
0
What is the millions digit of 442166092?
2
What is the tens digit of 335823274?
7
What is the ten thousands digit of 60104308?
0
What is the thousands digit of 498284220?
4
What is the hundreds digit of 27724551?
5
What is the ten thousands digit of 568192533?
9
What is the thousands digit of 26974223?
4
What is the units digit of 25067053?
3
What is the hundreds digit of 22566451?
4
What is the thousands digit of 9947434?
7
What is the hundred thousands digit of 397382049?
3
What is the tens digit of 590521524?
2
What is the tens digit of 61175557?
5
What is the hundred millions digit of 2076566966?
0
What is the hundred millions digit of 356911192?
3
What is the millions digit of 1295016636?
5
What is the hundreds digit of 2345826421?
4
What is the thousands digit of 1227736841?
6
What is the millions digit of 46569473?
6
What is the tens digit of 20001172?
7
What is the hundred thousands digit of 1582431763?
4
What is the millions digit of 35019709?
5
What is the ten thousands digit of 50669912?
6
What is the ten millions digit of 33941321?
3
What is the tens digit of 929100548?
4
What is the millions digit of 171783015?
1
What is the hundred millions digit of 572780886?
5
What is the hundred millions digit of 209565465?
2
What is the hundred thousands digit of 26603560?
6
What is the ten millions digit of 174936516?
7
What is the hundreds digit of 550447140?
1
What is the ten millions digit of 178318877?
7
What is the ten millions digit of 910535621?
1
What is the tens digit of 1342287665?
6
What is the millions digit of 24193294?
4
What is the hundred millions digit of 123954104?
1
What is the thousands digit of 529026320?
6
What is the ten thousands digit of 124565481?
6
What is the units digit of 344033897?
7
What is the units digit of 6670959503?
3
What is the units digit of 25377012?
2
What is the thousands digit of 33514986?
4
What is the hundred millions digit of 737537984?
7
What is the units digit of 18864196?
6
What is the millions digit of 163247894?
3
What is the ten millions digit of 12486681?
1
What is the ten millions digit of 78108779?
7
What is the hundreds digit of 105013185?
1
What is the millions digit of 32174170?
2
What is the ten thousands digit of 239457682?
5
What is the millions digit of 26638524?
6
What is the hundreds digit of 42128260?
2
What is the hundred thousands digit of 3347814437?
8
What is the ten thousands digit of 931403969?
0
What is the units digit of 5865151955?
5
What is the tens digit of 5605279490?
9
What is the hundred thousands digit of 1294205112?
2
What is the hundreds digit of 267996111?
1
What is the hundred thousands digit of 1401176?
4
What is the ten millions digit of 464438273?
6
What is the ten millions digit of 30068646?
3
What is the thousands digit of 551435977?
5
What is the thousands digit of 19571803?
1
What is the thousands digit of 608674516?
4
What is the units digit of 318219874?
4
What is the ten thousands digit of 27040562?
4
What is the millions digit of 8626834464?
6
What is the hundred thousands digit of 6216144492?
1
What is the hundreds digit of 731548782?
7
What is the hundred millions digit of 945040325?
9
What is the ten millions digit of 164818379?
6
What is the hundred thousands digit of 2177062799?
0
What is the tens digit of 41247046?
4
What is the tens digit of 227821990?
9
What is the ten thousands digit of 662593565?
9
What is the hundred thousands digit of 2813757892?
7
What is the hundreds digit of 64804724?
7
What is the thousands digit of 3439783747?
3
What is the ten millions digit of 88574049?
8
What is the tens digit of 100732388?
8
What is the ten millions digit of 179265746?
7
What is the hundreds digit of 331938169?
1
What is the units digit of 60950154?
4
What is the thousands digit of 870842942?
2
What is the hundred millions digit of 402387439?
4
What is the millions digit of 1304146563?
4
What is the billions digit of 1569993998?
1
What is the hundred thousands digit of 21473186?
4
What is the hundred thousands digit of 300936647?
9
What is the millions digit of 17477095?
7
What is the millions digit of 336121762?
6
What is the units digit of 5236136594?
4
What is the billions digit of 1378717206?
1
What is the hundreds digit of 783495726?
7
What is the ten thousands digit of 1436624790?
2
What is the ten millions digit of 1578217353?
7
What is the millions digit of 354399715?
4
What is the ten millions digit of 2026547911?
2
What is the hundred millions digit of 1143736378?
1
What is the ten thousands digit of 49750194?
5
What is the ten thousands digit of 60499019?
9
What is the units digit of 635770646?
6
What is the thousands digit of 22795234?
5
What is the hundred millions digit of 460288612?
4
What is the ten millions digit of 59176916?
5
What is the millions digit of 3617310839?
7
What is the billions digit of 3331173742?
3
What is the ten thousands digit of 534816315?
1
What is the hundreds digit of 168681115?
1
What is the hundred thousands digit of 7269868?
2
What is the thousands digit of 1908122229?
2
What is the units digit of 748152676?
6
What is the ten thousands digit of 48252838?
5
What is the ten thousands digit of 15447999?
4
What is the ten millions digit of 1039346697?
3
What is the billions digit of 1559222702?
1
What is the hundreds digit of 98751252?
2
What is the millions digit of 2167037269?
7
What is the tens digit of 111173284?
8
What is the units digit of 1136847298?
8
What is the thousands digit of 402937096?
7
What is the ten millions digit of 50088516?
5
What is the hundred thousands digit of 60685332?
6
What is the units digit of 2303918282?
2
What is the hundred thousands digit of 346194777?
1
What